39d4c
In base 14, what is -92 + -28a44d?
-28a501
In base 7, what is 120252 + -1355?
115564
In base 8, what is 32464 - 5442?
25022
In base 2, what is 10000000110 - -100011000000?
110011000110
In base 9, what is 5 - -24456427?
24456433
In base 6, what is 20253203334 + -3?
20253203331
In base 3, what is 11122101 - -2110201?
21010002
In base 12, what is -a957519 + 5?
-a957514
In base 12, what is -1aaa - -a02?
-10a8
In base 12, what is -1313a - -270?
-12a8a
In base 11, what is 797 - 20a930?
-20a144
In base 8, what is 136773 - -543?
137536
In base 2, what is 1100111100011110 - 100010111?
1100111000000111
In base 2, what is 1011000 + -1001100010110101010?
-1001100010101010010
In base 11, what is 4355 - -1278?
5622
In base 3, what is -11100 - 11212121101?
-11212202201
In base 8, what is -37037 + -10?
-37047
In base 11, what is -35 - 66a1a?
-66a54
In base 11, what is a + 18268a20?
18268a2a
In base 10, what is -991019 - 1?
-991020
In base 12, what is 5b + -40b3ab8?
-40b3a59
In base 15, what is -33713 + -692?
-33da5
In base 9, what is -5755176 - 63?
-5755250
In base 8, what is 53706117 - -34?
53706153
In base 14, what is -10710216 + 2?
-10710214
In base 15, what is 3968 - -689?
4102
In base 11, what is -5717a9 - -803?
-570aa6
In base 14, what is -d0991 - -3?
-d098c
In base 11, what is 7361422 + 4?
7361426
In base 2, what is -1001010 - 110011100011000011110?
-110011100011001101000
In base 16, what is -16 - -14d2e5f?
14d2e49
In base 9, what is -718 - -3508?
2680
In base 15, what is -463c45b + 5?
-463c456
In base 16, what is -26577 + -118?
-2668f
In base 3, what is -122211 + -201112?
-1101100
In base 9, what is 342786 - -60?
342856
In base 3, what is 12111 - -210201201010?
210201220121
In base 4, what is 3 + 20101302?
20101311
In base 10, what is 13154 - -4057?
17211
In base 3, what is -1 + -10000222200022220?
-10000222200022221
In base 10, what is 34866962 - -19?
34866981
In base 16, what is d7b0b - 2b?
d7ae0
In base 3, what is 212201222202011 + -2?
212201222202002
In base 3, what is -110 + 1210102100111?
1210102100001
In base 3, what is 22221000 - -110010112?
210001112
In base 2, what is -10000000010011 - -100101110111111110?
100011110111101011
In base 16, what is 4c29 - -563?
518c
In base 15, what is -1 + 417d246?
417d245
In base 4, what is 31 - -11313122100?
11313122131
In base 6, what is 2031554 + -51?
2031503
In base 5, what is 104413433 - 4422?
104404011
In base 6, what is -104 - 243125530?
-243130034
In base 6, what is 115 - -5043342?
5043501
In base 4, what is -10131 + -3003100222?
-3003111013
In base 3, what is -2011102012 + -10201012?
-2022010101
In base 12, what is -12 + 21a52?
21a40
In base 7, what is 1 - -16440011?
16440012
In base 14, what is -2d66bca - -3?
-2d66bc7
In base 4, what is -1102123132131 + -10?
-1102123132201
In base 5, what is 113123241 - 400?
113122341
In base 4, what is 102301203 + 100012?
103001221
In base 10, what is -1255918 + -5?
-1255923
In base 9, what is -21202438 - -3?
-21202435
In base 8, what is -1 - -674237000?
674236777
In base 4, what is -210222221301 + 1?
-210222221300
In base 11, what is -18 + 234514?
2344a7
In base 8, what is 5 - 11677105?
-11677100
In base 5, what is 212 + 44011441?
44012203
In base 16, what is -32a9 + 14a0?
-1e09
In base 2, what is 10 - -10001011000000110011110011?
10001011000000110011110101
In base 5, what is 0 - -1030233314?
1030233314
In base 16, what is -24894 - 36?
-248ca
In base 5, what is -213410230 + 21?
-213410204
In base 10, what is 751 - 546367?
-545616
In base 3, what is 10102022112 + -20211?
10102001201
In base 13, what is -5 - 1393b81?
-1393b86
In base 16, what is 418f2 + 8b?
4197d
In base 15, what is -a4a374 - -2?
-a4a372
In base 5, what is 1333130 - -30212?
1413342
In base 16, what is 3 + 2f694cc?
2f694cf
In base 8, what is 11310 - 1657?
7431
In base 15, what is 1b80a - -a07?
1c312
In base 14, what is -5 - 1d94cd?
-1d94d4
In base 2, what is 111 - 1011110110001100?
-1011110110000101
In base 2, what is -11001001011100000000 - -111?
-11001001011011111001
In base 13, what is -7b - 1ac380?
-1ac42b
In base 3, what is 121110201101022001 + 0?
121110201101022001
In base 7, what is -1610263 - 31?
-1610324
In base 3, what is 22202110210 + -1000000?
22201110210
In base 8, what is 234231 + -164?
234045
In base 12, what is 124 + -134495?
-134371
In base 5, what is -22230022 + 4430?
-22220042
In base 3, what is -102222 - -10122211222?
10122102000
In base 8, what is 420632203 + -5?
420632176
In base 11, what is -1178a908 - -1?
-1178a907
In base 5, what is 11 + 231414111031?
231414111042
In base 9, what is 7 - -43586502?
43586510
In base 3, what is -200112 + 111210220210?
111210020021
In base 13, what is -60b89 + -357?
-61213
In base 15, what is 170 + -1ad745?
-1ad5c5
In base 8, what is -102 + -13112454?
-13112556
In base 4, what is 11030310 + 2112?
11033022
In base 13, what is 5500a78 - 6?
5500a72
In base 3, what is 111110 - 122021?
-10211
In base 16, what is 38 - -174b72?
174baa
In base 16, what is -26bcda + dc?
-26bbfe
In base 5, what is -414 - 10140031?
-10141000
In base 2, what is 1100001 + 111110010010110100?
111110010100010101
In base 6, what is 513031 + -51?
512540
In base 5, what is -321401 + 1141341?
314440
In base 5, what is -111422020223 + -4?
-111422020232
In base 10, what is 9548 + -2443?
7105
In base 8, what is -4 - 174201006?
-174201012
In base 8, what is -32 - 2135254?
-2135306
In base 15, what is 8b - 638?
-59c
In base 10, what is -2 + 23549313?
23549311
In base 12, what is 619 - -1706?
2123
In base 9, what is 1071603 - 247?
1071345
In base 9, what is 1122625 - -173?
1122808
In base 16, what is 9624f - 15?
9623a
In base 13, what is -2 + -42374a?
-42374c
In base 11, what is 31989a9 - 9?
31989a0
In base 13, what is 14 - -966ab7?
966acb
In base 9, what is -3 - 88202848?
-88202852
In base 5, what is -3243031040 - 20?
-3243031110
In base 14, what is 274088 + 9?
274093
In base 8, what is -453 + -24321?
-24774
In base 12, what is 30085 + 3?
30088
In base 7, what is -266011 + 5440?
-260241
In base 14, what is 157c753 + 1?
157c754
In base 4, what is -1 + 10102013002202?
10102013002201
In base 5, what is -1221 + -143143101?
-143144322
In base 5, what is 11241234 - 214224?
11022010
In base 15, what is 6 + -1184ce7?
-1184ce1
In base 11, what is 3 - 78422a99?
-78422a96
In base 7, what is -4 - 66216340?
-66216344
In base 7, what is -4030543 - -31?
-4030512
In base 15, what is -11 - -45c52?
45c41
In base 8, what is -154043 + -53?
-154116
In base 15, what is 2e + -11b0670?
-11b0641
In base 16, what is 560 - 18b?
3d5
In base 2, what is 100001001010100 + 110111011?
100010000001111
In base 12, what is -20115 + -618?
-20731
In base 2, what is -100111011011100 - -110110110?
-100110100100110
In base 14, what is 7537cc + -16?
7537b6
In base 10, what is -397 + -91019?
-91416
In base 10, what is 10642845 + 8?
10642853
In base 9, what is 607512 + -5?
607506
In base 15, what is -56ad92e + 0?
-56ad92e
In base 12, what is 54737828 + 1?
54737829
In base 5, what is -22 + -20442230121?
-20442230143
In base 3, what is -211011112202201 - -11?
-211011112202120
In base 16, what is 9318 - 242?
90d6
In base 9, what is -1238218236 - 1?
-1238218237
In base 13, what is -5a61 + 5807?
-257
In base 12, what is -514a - 498?
-5626
In base 6, what is 10403 - 22342?
-11535
In base 8, what is 461 + 1565401?
1566062
In base 14, what is -341 - -1571?
1230
In base 6, what is 114 - 13125230?
-13125112
In base 5, what is 1 + -44324141130?
-44324141124
In base 9, what is -60 + -67627?
-67687
In base 10, what is 0 - 64735307?
-64735307
In base 16, what is -676b + 2bc8?
-3ba3
In base 11, what is 3 + -1749a840?
-1749a838
In base 15, what is 43 + -15578?
-15535
In base 11, what is -8437 - 902?
-9239
In base 14, what is d98936 + -1?
d98935
In base 11, what is a + -179a7?
-17998
In base 16, what is 11 - 24c4?
-24b3
In base 2, what is 1101111001000111011 - 100010000001?
1101110100110111010
In base 15, what is c - -10cd70?
10cd7c
In base 15, what is 5 - -1a4be50?
1a4be55
In base 12, what is 3b95 - -928?
4901
In base 5, what is -1340440 + -32421?
-1423411
In base 11, what is -1628 + -278?
-18a5
In base 13, what is 1a90aa - c?
1a909b
In base 14, what is -1d805 + ab7?
-1cb2c
In base 4, what is -1301221130 + -100?
-1301221230
In base 16,